it of 9510?
1
What is the hundreds digit of 5203936?
9
What is the hundred thousands digit of 724721?
7
What is the tens digit of 4690429?
2
What is the millions digit of 2178448?
2
What is the thousands digit of 20257648?
7
What is the thousands digit of 4083811?
3
What is the tens digit of 20336319?
1
What is the ten thousands digit of 2838193?
3
What is the thousands digit of 14606670?
6
What is the units digit of 941789?
9
What is the hundred thousands digit of 17046630?
0
What is the thousands digit of 221881?
1
What is the millions digit of 2037445?
2
What is the millions digit of 12092938?
2
What is the units digit of 2961023?
3
What is the hundred thousands digit of 10732775?
7
What is the millions digit of 13353936?
3
What is the hundred thousands digit of 480690?
4
What is the hundreds digit of 613878?
8
What is the units digit of 129512?
2
What is the thousands digit of 11513924?
3
What is the thousands digit of 301383?
1
What is the tens digit of 292546?
4
What is the thousands digit of 927113?
7
What is the hundreds digit of 2708008?
0
What is the hundred thousands digit of 271470?
2
What is the thousands digit of 5828008?
8
What is the hundreds digit of 146323?
3
What is the ten thousands digit of 700629?
0
What is the hundred thousands digit of 1014627?
0
What is the units digit of 21257?
7
What is the units digit of 1678822?
2
What is the hundred thousands digit of 226287?
2
What is the tens digit of 11005233?
3
What is the units digit of 129986?
6
What is the tens digit of 43075?
7
What is the units digit of 577347?
7
What is the hundreds digit of 14319766?
7
What is the units digit of 87095?
5
What is the tens digit of 9611712?
1
What is the hundred thousands digit of 985166?
9
What is the units digit of 14085462?
2
What is the units digit of 4062016?
6
What is the hundreds digit of 337044?
0
What is the tens digit of 846222?
2
What is the tens digit of 34606?
0
What is the ten thousands digit of 3217696?
1
What is the hundreds digit of 105986?
9
What is the hundreds digit of 18668465?
4
What is the hundreds digit of 30587?
5
What is the hundred thousands digit of 434489?
4
What is the ten thousands digit of 631252?
3
What is the hundreds digit of 225738?
7
What is the millions digit of 5976600?
5
What is the thousands digit of 3537849?
7
What is the hundreds digit of 52982?
9
What is the tens digit of 1115658?
5
What is the hundred thousands digit of 2786153?
7
What is the ten thousands digit of 11214?
1
What is the hundreds digit of 449924?
9
What is the thousands digit of 122973?
2
What is the units digit of 151512?
2
What is the hundreds digit of 9431728?
7
What is the hundred thousands digit of 2772173?
7
What is the tens digit of 3723424?
2
What is the ten millions digit of 12684761?
1
What is the units digit of 172262?
2
What is the ten millions digit of 11368833?
1
What is the tens digit of 3063731?
3
What is the units digit of 1915715?
5
What is the units digit of 88454?
4
What is the tens digit of 279498?
9
What is the hundreds digit of 536970?
9
What is the hundreds digit of 15941958?
9
What is the ten thousands digit of 13026053?
2
What is the ten thousands digit of 715764?
1
What is the tens digit of 1165373?
7
What is the millions digit of 31179304?
1
What is the hundreds digit of 235296?
2
What is the thousands digit of 1067556?
7
What is the units digit of 5765079?
9
What is the units digit of 3354639?
9
What is the thousands digit of 79634?
9
What is the ten thousands digit of 1161773?
6
What is the units digit of 3057700?
0
What is the ten thousands digit of 52199?
5
What is the millions digit of 19686358?
9
What is the tens digit of 10449120?
2
What is the hundreds digit of 240327?
3
What is the millions digit of 4183771?
4
What is the thousands digit of 5544?
5
What is the millions digit of 17844817?
7
What is the ten thousands digit of 212637?
1
What is the hundreds digit of 7765592?
5
What is the units digit of 145128?
8
What is the thousands digit of 34871560?
1
What is the ten thousands digit of 3971663?
7
What is the units digit of 21614?
4
What is the ten thousands digit of 11613?
1
What is the units digit of 176176?
6
What is the thousands digit of 41438359?
8
What is the hundred thousands digit of 1218143?
2
What is the hundred thousands digit of 2797676?
7
What is the tens digit of 1441059?
5
What is the units digit of 316387?
7
What is the tens digit of 20095657?
5
What is the hundreds digit of 16447642?
6
What is the tens digit of 7809607?
0
What is the hundreds digit of 7259109?
1
What is the millions digit of 2182513?
2
What is the hundreds digit of 211449?
4
What is the hundred thousands digit of 222327?
2
What is the hundreds digit of 33811?
8
What is the hundreds digit of 16054132?
1
What is the tens digit of 31804?
0
What is the millions digit of 2733611?
2
What is the tens digit of 9618473?
7
What is the hundred thousands digit of 657679?
6
What is the millions digit of 38935781?
8
What is the units digit of 6465402?
2
What is the tens digit of 1716947?
4
What is the units digit of 1129199?
9
What is the ten thousands digit of 418110?
1
What is the units digit of 13275829?
9
What is the thousands digit of 20150186?
0
What is the hundreds digit of 3677106?
1
What is the units digit of 712441?
1
What is the hundred thousands digit of 302695?
3
What is the hundreds digit of 27705?
7
What is the units digit of 9519?
9
What is the hundred thousands digit of 205080?
2
What is the units digit of 509396?
6
What is the ten thousands digit of 2606710?
0
What is the hundreds digit of 177086?
0
What is the ten thousands digit of 8512491?
1
What is the millions digit of 7005027?
7
What is the units digit of 595883?
3
What is the hundred thousands digit of 611329?
6
What is the tens digit of 55376?
7
What is the millions digit of 5515517?
5
What is the thousands digit of 10291501?
1
What is the units digit of 256734?
4
What is the ten thousands digit of 20274?
2
What is the thousands digit of 791361?
1
What is the tens digit of 30279?
7
What is the tens digit of 49464?
6
What is the units digit of 26217?
7
What is the hundred thousands digit of 769600?
7
What is the thousands digit of 477443?
7
What is the thousands digit of 103263?
3
What is the ten thousands digit of 197035?
9
What is the units digit of 14266751?
1
What is the tens digit of 12475658?
5
What is the hundred thousands digit of 5319785?
3
What is the tens digit of 4926529?
2
What is the units digit of 4729905?
5
What is the hundreds digit of 54862?
8
What is the hundreds digit of 1072333?
3
What is the hundred thousands digit of 595194?
5
What is the hundred thousands digit of 4279046?
2
What is the units digit of 16952096?
6
What is the units digit of 19311018?
8
What is the hundred thousands digit of 3857759?
8
What is the tens digit of 75517?
1
What is the tens digit of 392704?
0
What is the units digit of 134966?
6
What is the tens digit of 492059?
5
What is the units digit of 181174?
4
What is the hundreds digit of 209779?
7
What is the ten thousands digit of 382069?
8
What is the tens digit of 1155659?
5
What is the hundred thousands digit of 8661940?
6
What is the ten thousands digit of 3338189?
3
What is the hundreds digit of 520984?
9
What is the tens digit of 16916342?
4
What is the units digit of 5246927?
7
What is the thousands digit of 154564?
4
What is the ten thousands digit of 2330473?
3
What is the hundred thousands digit of 6001543?
0
What is the hundred thousands digit of 221938?
2
What is the hundred thousands digit of 101431?
1
What is the tens digit of 933800?
0
What is the ten thousands digit of 2359184?
5
What is the ten thousands digit of 643547?
4
What is the hundred thousands digit of 464088?
4
What is the ten millions digit of 28816972?
2
What is the thousands digit of 63491?
3
What is the tens digit of 1035963?
6
What is the tens digit of 362949?
4
What is the thousands digit of 186717?
6
What is the ten thousands digit of 223416?
2
What is the thousands digit of 2063925?
3
What is the units digit of 10522875?
5
What is the thousands digit of 20352?
0
What is the millions digit of 5629975?
5
What is the ten thousands digit of 3029931?
2
What is the hundreds digit of 438952?
9
What is the hundred thousand